{"id":5,"date":"2021-03-03T17:25:06","date_gmt":"2021-03-03T16:25:06","guid":{"rendered":"https:\/\/adc.ruzivo.pl\/?page_id=5"},"modified":"2021-05-19T10:51:02","modified_gmt":"2021-05-19T08:51:02","slug":"5-2","status":"publish","type":"page","link":"https:\/\/adc.ruzivo.cal24.pl\/","title":{"rendered":"Strona g\u0142\u00f3wna"},"content":{"rendered":"<p>[et_pb_section fb_built=&#8221;1&#8243; fullwidth=&#8221;on&#8221; _builder_version=&#8221;4.6.3&#8243; _module_preset=&#8221;default&#8221; hover_enabled=&#8221;0&#8243; sticky_enabled=&#8221;0&#8243;][et_pb_fullwidth_slider _builder_version=&#8221;4.6.3&#8243; _module_preset=&#8221;default&#8221; height=&#8221;360px&#8221; hover_enabled=&#8221;0&#8243; sticky_enabled=&#8221;0&#8243;][et_pb_slide heading=&#8221;Urz\u0105dzenia diagnostyczne&#8221; button_text=&#8221;Zg\u0142oszenie serwisowe&#8221; use_text_overlay=&#8221;off&#8221; _builder_version=&#8221;4.6.3&#8243; _module_preset=&#8221;default&#8221; header_level=&#8221;h1&#8243; header_font=&#8221;||||||||&#8221; header_text_align=&#8221;left&#8221; header_text_color=&#8221;#0C71C3&#8243; header_font_size=&#8221;36px&#8221; background_enable_color=&#8221;off&#8221; background_image=&#8221;http:\/\/adc.ruzivo.cal24.pl\/wp-content\/uploads\/2021\/03\/slid.jpg&#8221; background_enable_image=&#8221;on&#8221; custom_button=&#8221;on&#8221; button_text_color=&#8221;#ffffff&#8221; button_bg_color=&#8221;#e02b20&#8243; button_border_color=&#8221;rgba(0,0,0,0)&#8221; button_border_radius=&#8221;5px&#8221; button_font=&#8221;|||on|||||&#8221; button_use_icon=&#8221;off&#8221; button_alignment=&#8221;left&#8221; custom_padding=&#8221;0px|0px|0px|0px|true|true&#8221; hover_enabled=&#8221;0&#8243; text_orientation_last_edited=&#8221;off|desktop&#8221; box_shadow_style_button=&#8221;preset1&#8243; sticky_transition=&#8221;on&#8221; title_text=&#8221;slid&#8221; sticky_enabled=&#8221;0&#8243;][\/et_pb_slide][\/et_pb_fullwidth_slider][\/et_pb_section][et_pb_section fb_built=&#8221;1&#8243; _builder_version=&#8221;4.6.3&#8243; _module_preset=&#8221;default&#8221; custom_padding=&#8221;||0px||false|false&#8221;][et_pb_row column_structure=&#8221;1_4,3_4&#8243; use_custom_gutter=&#8221;on&#8221; gutter_width=&#8221;1&#8243; _builder_version=&#8221;4.6.3&#8243; _module_preset=&#8221;default&#8221; min_height=&#8221;75px&#8221;][et_pb_column type=&#8221;1_4&#8243; _builder_version=&#8221;4.6.3&#8243; _module_preset=&#8221;default&#8221;][et_pb_text _builder_version=&#8221;4.6.3&#8243; _module_preset=&#8221;default&#8221; text_font=&#8221;Actor||||||||&#8221; text_text_color=&#8221;#000000&#8243; text_font_size=&#8221;30px&#8221;]Oferta[\/et_pb_text][\/et_pb_column][et_pb_column type=&#8221;3_4&#8243; _builder_version=&#8221;4.6.3&#8243; _module_preset=&#8221;default&#8221;][et_pb_divider color=&#8221;#c2c2c2&#8243; divider_position=&#8221;center&#8221; _builder_version=&#8221;4.6.3&#8243; _module_preset=&#8221;default&#8221; custom_margin=&#8221;|||-100px||&#8221;][\/et_pb_divider][\/et_pb_column][\/et_pb_row][et_pb_row column_structure=&#8221;1_5,1_5,1_5,1_5,1_5&#8243; use_custom_gutter=&#8221;on&#8221; gutter_width=&#8221;1&#8243; _builder_version=&#8221;4.6.3&#8243; _module_preset=&#8221;default&#8221; custom_padding=&#8221;0px||||false|false&#8221;][et_pb_column type=&#8221;1_5&#8243; _builder_version=&#8221;4.6.3&#8243; _module_preset=&#8221;default&#8221;][et_pb_cta _builder_version=&#8221;4.6.3&#8243; _module_preset=&#8221;default&#8221; header_level=&#8221;h1&#8243; header_text_color=&#8221;#ffffff&#8221; body_font=&#8221;||||||||&#8221; background_enable_color=&#8221;off&#8221; use_background_color_gradient=&#8221;on&#8221; background_color_gradient_start=&#8221;rgba(0,0,0,0)&#8221; background_color_gradient_end=&#8221;#1020f1&#8243; background_color_gradient_start_position=&#8221;60%&#8221; background_color_gradient_end_position=&#8221;120%&#8221; background_color_gradient_overlays_image=&#8221;on&#8221; background_image=&#8221;http:\/\/adc.ruzivo.cal24.pl\/wp-content\/uploads\/2021\/03\/maha.png&#8221; background_size=&#8221;contain&#8221; height=&#8221;300px&#8221; custom_margin=&#8221;|1px|||false|false&#8221; link_option_url=&#8221;https:\/\/www.maha.de\/en\/products&#8221; hover_enabled=&#8221;0&#8243; border_width_bottom=&#8221;4px&#8221; border_color_bottom=&#8221;rgba(0,0,0,0)&#8221; border_width_bottom__hover_enabled=&#8221;off|desktop&#8221; border_width_bottom__hover=&#8221;4px&#8221; border_color_bottom__hover_enabled=&#8221;on|desktop&#8221; border_color_bottom__hover=&#8221;#e02b20&#8243; title_text=&#8221;maha&#8221; sticky_enabled=&#8221;0&#8243;][\/et_pb_cta][et_pb_text _builder_version=&#8221;4.6.3&#8243; _module_preset=&#8221;default&#8221; text_font=&#8221;|600|||||||&#8221; text_text_color=&#8221;#ffffff&#8221; text_font_size=&#8221;20px&#8221; positioning=&#8221;absolute&#8221; position_origin_a=&#8221;bottom_center&#8221; vertical_offset=&#8221;25px&#8221; text_orientation=&#8221;center&#8221; width=&#8221;100%&#8221;]<\/p>\n<p>Maha<\/p>\n<p>[\/et_pb_text][\/et_pb_column][et_pb_column type=&#8221;1_5&#8243; _builder_version=&#8221;4.6.3&#8243; _module_preset=&#8221;default&#8221;][et_pb_cta _builder_version=&#8221;4.6.3&#8243; _module_preset=&#8221;default&#8221; header_level=&#8221;h1&#8243; header_text_color=&#8221;#ffffff&#8221; body_font=&#8221;||||||||&#8221; body_text_color=&#8221;#ffffff&#8221; background_enable_color=&#8221;off&#8221; use_background_color_gradient=&#8221;on&#8221; background_color_gradient_start=&#8221;rgba(0,0,0,0)&#8221; background_color_gradient_end=&#8221;#1020f1&#8243; background_color_gradient_start_position=&#8221;60%&#8221; background_color_gradient_end_position=&#8221;120%&#8221; background_color_gradient_overlays_image=&#8221;on&#8221; background_image=&#8221;http:\/\/adc.ruzivo.cal24.pl\/wp-content\/uploads\/2021\/03\/rav.png&#8221; background_size=&#8221;contain&#8221; height=&#8221;300px&#8221; custom_margin=&#8221;|1px|||false|false&#8221; link_option_url=&#8221;https:\/\/ravaglioli.com\/&#8221; hover_enabled=&#8221;0&#8243; border_width_bottom=&#8221;4px&#8221; border_color_bottom=&#8221;rgba(0,0,0,0)&#8221; border_width_bottom__hover_enabled=&#8221;off|desktop&#8221; border_width_bottom__hover=&#8221;4px&#8221; border_color_bottom__hover_enabled=&#8221;on|desktop&#8221; border_color_bottom__hover=&#8221;#e02b20&#8243; title_text=&#8221;rav&#8221; sticky_enabled=&#8221;0&#8243;][\/et_pb_cta][et_pb_text _builder_version=&#8221;4.6.3&#8243; _module_preset=&#8221;default&#8221; text_font=&#8221;|600|||||||&#8221; text_text_color=&#8221;#ffffff&#8221; text_font_size=&#8221;20px&#8221; positioning=&#8221;absolute&#8221; position_origin_a=&#8221;bottom_center&#8221; vertical_offset=&#8221;25px&#8221; text_orientation=&#8221;center&#8221; width=&#8221;100%&#8221; text_text_shadow_style=&#8221;preset5&#8243;]<\/p>\n<p>Ravaglioli<\/p>\n<p>[\/et_pb_text][\/et_pb_column][et_pb_column type=&#8221;1_5&#8243; _builder_version=&#8221;4.6.3&#8243; _module_preset=&#8221;default&#8221;][et_pb_cta _builder_version=&#8221;4.6.3&#8243; _dynamic_attributes=&#8221;link_option_url&#8221; _module_preset=&#8221;default&#8221; header_level=&#8221;h1&#8243; header_text_color=&#8221;#ffffff&#8221; body_font=&#8221;||||||||&#8221; background_enable_color=&#8221;off&#8221; use_background_color_gradient=&#8221;on&#8221; background_color_gradient_start=&#8221;rgba(0,0,0,0)&#8221; background_color_gradient_end=&#8221;#1020f1&#8243; background_color_gradient_start_position=&#8221;60%&#8221; background_color_gradient_end_position=&#8221;120%&#8221; background_color_gradient_overlays_image=&#8221;on&#8221; background_image=&#8221;http:\/\/adc.ruzivo.cal24.pl\/wp-content\/uploads\/2021\/03\/autodc-logo-1.png&#8221; background_size=&#8221;contain&#8221; height=&#8221;300px&#8221; custom_margin=&#8221;|1px|||false|false&#8221; link_option_url=&#8221;@ET-DC@eyJkeW5hbWljIjp0cnVlLCJjb250ZW50IjoicG9zdF9saW5rX3VybF9wYWdlIiwic2V0dGluZ3MiOnsicG9zdF9pZCI6IjYyMyJ9fQ==@&#8221; hover_enabled=&#8221;0&#8243; border_width_bottom=&#8221;4px&#8221; border_color_bottom=&#8221;rgba(0,0,0,0)&#8221; border_width_bottom__hover_enabled=&#8221;off|desktop&#8221; border_width_bottom__hover=&#8221;4px&#8221; border_color_bottom__hover_enabled=&#8221;on|desktop&#8221; border_color_bottom__hover=&#8221;#e02b20&#8243; sticky_enabled=&#8221;0&#8243; title_text=&#8221;autodc logo&#8221;][\/et_pb_cta][et_pb_text _builder_version=&#8221;4.6.3&#8243; _module_preset=&#8221;default&#8221; text_font=&#8221;|600|||||||&#8221; text_text_color=&#8221;#ffffff&#8221; text_font_size=&#8221;20px&#8221; positioning=&#8221;absolute&#8221; position_origin_a=&#8221;bottom_center&#8221; vertical_offset=&#8221;25px&#8221; text_orientation=&#8221;center&#8221; width=&#8221;100%&#8221;]<\/p>\n<p>Nasze produkty<\/p>\n<p>[\/et_pb_text][\/et_pb_column][et_pb_column type=&#8221;1_5&#8243; _builder_version=&#8221;4.6.3&#8243; _module_preset=&#8221;default&#8221;][et_pb_cta _builder_version=&#8221;4.6.3&#8243; _dynamic_attributes=&#8221;link_option_url&#8221; _module_preset=&#8221;default&#8221; header_level=&#8221;h1&#8243; header_text_color=&#8221;#ffffff&#8221; background_enable_color=&#8221;off&#8221; use_background_color_gradient=&#8221;on&#8221; background_color_gradient_start=&#8221;rgba(0,0,0,0)&#8221; background_color_gradient_end=&#8221;#1020f1&#8243; background_color_gradient_start_position=&#8221;60%&#8221; background_color_gradient_end_position=&#8221;120%&#8221; background_color_gradient_overlays_image=&#8221;on&#8221; background_image=&#8221;http:\/\/adc.ruzivo.cal24.pl\/wp-content\/uploads\/2021\/03\/gto.jpg&#8221; background_size=&#8221;contain&#8221; height=&#8221;300px&#8221; custom_margin=&#8221;|1px|||false|false&#8221; link_option_url=&#8221;@ET-DC@eyJkeW5hbWljIjp0cnVlLCJjb250ZW50IjoicG9zdF9saW5rX3VybF9wYWdlIiwic2V0dGluZ3MiOnsicG9zdF9pZCI6IjEzNCJ9fQ==@&#8221; hover_enabled=&#8221;0&#8243; border_width_bottom=&#8221;4px&#8221; border_color_bottom=&#8221;rgba(0,0,0,0)&#8221; border_width_bottom__hover_enabled=&#8221;off|desktop&#8221; border_width_bottom__hover=&#8221;4px&#8221; border_color_bottom__hover_enabled=&#8221;on|desktop&#8221; border_color_bottom__hover=&#8221;#e02b20&#8243; title_text=&#8221;gto&#8221; sticky_enabled=&#8221;0&#8243;][\/et_pb_cta][et_pb_text _builder_version=&#8221;4.6.3&#8243; _module_preset=&#8221;default&#8221; text_font=&#8221;|600|||||||&#8221; text_text_color=&#8221;#ffffff&#8221; text_font_size=&#8221;20px&#8221; positioning=&#8221;absolute&#8221; position_origin_a=&#8221;bottom_center&#8221; vertical_offset=&#8221;25px&#8221; text_orientation=&#8221;center&#8221; width=&#8221;100%&#8221;]<\/p>\n<p>Serwis<\/p>\n<p>[\/et_pb_text][\/et_pb_column][et_pb_column type=&#8221;1_5&#8243; _builder_version=&#8221;4.6.3&#8243; _module_preset=&#8221;default&#8221;][et_pb_cta _builder_version=&#8221;4.6.3&#8243; _dynamic_attributes=&#8221;link_option_url&#8221; _module_preset=&#8221;default&#8221; header_level=&#8221;h1&#8243; header_text_color=&#8221;#ffffff&#8221; background_enable_color=&#8221;off&#8221; use_background_color_gradient=&#8221;on&#8221; background_color_gradient_start=&#8221;rgba(0,0,0,0)&#8221; background_color_gradient_end=&#8221;#1020f1&#8243; background_color_gradient_start_position=&#8221;60%&#8221; background_color_gradient_end_position=&#8221;120%&#8221; background_color_gradient_overlays_image=&#8221;on&#8221; background_image=&#8221;http:\/\/adc.ruzivo.cal24.pl\/wp-content\/uploads\/2021\/03\/geotest_11.jpg&#8221; background_size=&#8221;contain&#8221; height=&#8221;300px&#8221; custom_margin=&#8221;|1px|||false|false&#8221; link_option_url=&#8221;@ET-DC@eyJkeW5hbWljIjp0cnVlLCJjb250ZW50IjoicG9zdF9saW5rX3VybF9wYWdlIiwic2V0dGluZ3MiOnsicG9zdF9pZCI6IjY2MCJ9fQ==@&#8221; hover_enabled=&#8221;0&#8243; border_width_bottom=&#8221;4px&#8221; border_color_bottom=&#8221;rgba(0,0,0,0)&#8221; border_width_bottom__hover_enabled=&#8221;off|desktop&#8221; border_width_bottom__hover=&#8221;4px&#8221; border_color_bottom__hover_enabled=&#8221;on|desktop&#8221; border_color_bottom__hover=&#8221;#e02b20&#8243; title_text=&#8221;geotest_11&#8243; sticky_enabled=&#8221;0&#8243;][\/et_pb_cta][et_pb_text _builder_version=&#8221;4.6.3&#8243; _module_preset=&#8221;default&#8221; text_font=&#8221;|600|||||||&#8221; text_text_color=&#8221;#ffffff&#8221; text_font_size=&#8221;20px&#8221; positioning=&#8221;absolute&#8221; position_origin_a=&#8221;bottom_center&#8221; vertical_offset=&#8221;25px&#8221; text_orientation=&#8221;center&#8221; width=&#8221;100%&#8221;]<\/p>\n<p>Urz\u0105dzenia u\u017cywane<\/p>\n<p>[\/et_pb_text][\/et_pb_column][\/et_pb_row][et_pb_row _builder_version=&#8221;4.6.3&#8243; _module_preset=&#8221;default&#8221; custom_padding=&#8221;0px||0px||false|false&#8221;][et_pb_column type=&#8221;4_4&#8243; _builder_version=&#8221;4.6.3&#8243; _module_preset=&#8221;default&#8221;][et_pb_divider color=&#8221;#e2e2e2&#8243; _builder_version=&#8221;4.6.3&#8243; _module_preset=&#8221;default&#8221;][\/et_pb_divider][\/et_pb_column][\/et_pb_row][\/et_pb_section][et_pb_section fb_built=&#8221;1&#8243; _builder_version=&#8221;4.6.3&#8243; _module_preset=&#8221;default&#8221; custom_padding=&#8221;0px||||false|false&#8221;][et_pb_row column_structure=&#8221;1_4,3_4&#8243; _builder_version=&#8221;4.6.3&#8243; _module_preset=&#8221;default&#8221;][et_pb_column type=&#8221;1_4&#8243; _builder_version=&#8221;4.6.3&#8243; _module_preset=&#8221;default&#8221;][et_pb_text _builder_version=&#8221;4.6.3&#8243; _module_preset=&#8221;default&#8221; text_font=&#8221;Actor||||||||&#8221; text_text_color=&#8221;#000000&#8243; text_font_size=&#8221;30px&#8221;]O nas[\/et_pb_text][\/et_pb_column][et_pb_column type=&#8221;3_4&#8243; _builder_version=&#8221;4.6.3&#8243; _module_preset=&#8221;default&#8221;][et_pb_divider color=&#8221;#c2c2c2&#8243; divider_position=&#8221;center&#8221; _builder_version=&#8221;4.6.3&#8243; _module_preset=&#8221;default&#8221; custom_margin=&#8221;|||-100px||&#8221;][\/et_pb_divider][\/et_pb_column][\/et_pb_row][et_pb_row column_structure=&#8221;3_5,2_5&#8243; _builder_version=&#8221;4.6.3&#8243; _module_preset=&#8221;default&#8221;][et_pb_column type=&#8221;3_5&#8243; _builder_version=&#8221;4.6.3&#8243; _module_preset=&#8221;default&#8221;][et_pb_text _builder_version=&#8221;4.6.3&#8243; _module_preset=&#8221;default&#8221; text_text_color=&#8221;#000000&#8243; text_font_size=&#8221;16px&#8221; text_orientation=&#8221;justified&#8221; custom_padding=&#8221;15px||||false|false&#8221;]<\/p>\n<p>Jeste\u015bmy firm\u0105, kt\u00f3ra od ponad dwudziestu lat zajmuje si\u0119 wyposa\u017caniem, obs\u0142ug\u0105<br \/> i serwisem stacji kontroli i obs\u0142ugi pojazd\u00f3w. Przez ten okres wyposa\u017cali\u015bmy wiele obiekt\u00f3w w urz\u0105dzenia diagnostyczne.<\/p>\n<p>Podstaw\u0105 naszej dzia\u0142alno\u015bci jest sprzeda\u017c i serwis urz\u0105dze\u0144 diagnostycznych firmy <strong>Maha Maschienbau Haldenwang<\/strong>. Metody dzia\u0142ania, konkurencyjno\u015b\u0107, elastyczno\u015b\u0107, a przede wszystkim profesjonalizm, sprawi\u0142y, \u017ce stali\u015bmy si\u0119 znacz\u0105c\u0105 firm\u0105 w bran\u017cy motoryzacyjnej. Ci\u0105g\u0142y rozw\u00f3j pozwala nam poszerza\u0107 ofert\u0119<br \/> i umacnia\u0107 pozycj\u0119 na rynku. Zaufanie jakim obdarzaj\u0105 nas klienci motywuje do dalszego dzia\u0142a i daj\u0119 nadzieje na dalszy rozw\u00f3j firmy w przysz\u0142o\u015bci.<\/p>\n<p>[\/et_pb_text][\/et_pb_column][et_pb_column type=&#8221;2_5&#8243; _builder_version=&#8221;4.6.3&#8243; _module_preset=&#8221;default&#8221;][et_pb_image src=&#8221;http:\/\/adc.ruzivo.cal24.pl\/wp-content\/uploads\/2021\/03\/siedziba.jpg&#8221; title_text=&#8221;siedziba&#8221; _builder_version=&#8221;4.6.3&#8243; _module_preset=&#8221;default&#8221; hover_enabled=&#8221;0&#8243; border_radii=&#8221;on|5px|5px|5px|5px&#8221; box_shadow_style=&#8221;preset1&#8243; sticky_enabled=&#8221;0&#8243;][\/et_pb_image][\/et_pb_column][\/et_pb_row][\/et_pb_section][et_pb_section fb_built=&#8221;1&#8243; _builder_version=&#8221;4.6.3&#8243; _module_preset=&#8221;default&#8221; background_color=&#8221;#1020f1&#8243; top_divider_height=&#8221;25px&#8221; top_divider_flip=&#8221;horizontal&#8221; bottom_divider_height=&#8221;25px&#8221;][et_pb_row column_structure=&#8221;1_3,1_3,1_3&#8243; _builder_version=&#8221;4.6.3&#8243; _module_preset=&#8221;default&#8221;][et_pb_column type=&#8221;1_3&#8243; _builder_version=&#8221;4.6.3&#8243; _module_preset=&#8221;default&#8221;][et_pb_number_counter title=&#8221;Lat do\u015bwiadczenia&#8221; number=&#8221;22&#8243; percent_sign=&#8221;off&#8221; _builder_version=&#8221;4.6.3&#8243; _module_preset=&#8221;default&#8221; title_font=&#8221;|||on|||||&#8221; title_text_color=&#8221;#ffffff&#8221; number_text_color=&#8221;#FFFFFF&#8221;][\/et_pb_number_counter][\/et_pb_column][et_pb_column type=&#8221;1_3&#8243; _builder_version=&#8221;4.6.3&#8243; _module_preset=&#8221;default&#8221;][et_pb_number_counter title=&#8221;Zadowolonych klient\u00f3w&#8221; number=&#8221;999+&#8221; percent_sign=&#8221;off&#8221; _builder_version=&#8221;4.6.3&#8243; _module_preset=&#8221;default&#8221; title_font=&#8221;|||on|||||&#8221; title_text_color=&#8221;#ffffff&#8221; number_text_color=&#8221;#FFFFFF&#8221;][\/et_pb_number_counter][\/et_pb_column][et_pb_column type=&#8221;1_3&#8243; _builder_version=&#8221;4.6.3&#8243; _module_preset=&#8221;default&#8221;][et_pb_number_counter title=&#8221;Zrealizowanych projekt\u00f3w&#8221; number=&#8221;50&#8243; percent_sign=&#8221;off&#8221; _builder_version=&#8221;4.6.3&#8243; _module_preset=&#8221;default&#8221; title_font=&#8221;|||on|||||&#8221; title_text_color=&#8221;#ffffff&#8221; number_text_color=&#8221;#FFFFFF&#8221;][\/et_pb_number_counter][\/et_pb_column][\/et_pb_row][\/et_pb_section][et_pb_section fb_built=&#8221;1&#8243; _builder_version=&#8221;4.6.3&#8243; _module_preset=&#8221;default&#8221; bottom_divider_height=&#8221;40px&#8221; bottom_divider_repeat=&#8221;0x&#8221;][et_pb_row column_structure=&#8221;1_3,1_3,1_3&#8243; _builder_version=&#8221;4.6.3&#8243; _module_preset=&#8221;default&#8221;][et_pb_column type=&#8221;1_3&#8243; _builder_version=&#8221;4.6.3&#8243; _module_preset=&#8221;default&#8221;][et_pb_divider color=&#8221;#c2c2c2&#8243; divider_position=&#8221;center&#8221; _builder_version=&#8221;4.6.3&#8243; _module_preset=&#8221;default&#8221;][\/et_pb_divider][\/et_pb_column][et_pb_column type=&#8221;1_3&#8243; _builder_version=&#8221;4.6.3&#8243; _module_preset=&#8221;default&#8221;][et_pb_text _builder_version=&#8221;4.6.3&#8243; _module_preset=&#8221;default&#8221; text_font=&#8221;Actor||||||||&#8221; text_text_color=&#8221;#000000&#8243; text_font_size=&#8221;30px&#8221; text_orientation=&#8221;center&#8221;]Aktualno\u015bci[\/et_pb_text][\/et_pb_column][et_pb_column type=&#8221;1_3&#8243; _builder_version=&#8221;4.6.3&#8243; _module_preset=&#8221;default&#8221;][et_pb_divider color=&#8221;#c2c2c2&#8243; divider_position=&#8221;center&#8221; _builder_version=&#8221;4.6.3&#8243; _module_preset=&#8221;default&#8221;][\/et_pb_divider][\/et_pb_column][\/et_pb_row][et_pb_row use_custom_gutter=&#8221;on&#8221; gutter_width=&#8221;2&#8243; _builder_version=&#8221;4.6.3&#8243; _module_preset=&#8221;default&#8221;][et_pb_column type=&#8221;4_4&#8243; _builder_version=&#8221;4.6.3&#8243; _module_preset=&#8221;default&#8221;][et_pb_blog fullwidth=&#8221;off&#8221; posts_number=&#8221;3&#8243; excerpt_length=&#8221;150&#8243; show_more=&#8221;on&#8221; show_author=&#8221;off&#8221; show_date=&#8221;off&#8221; show_categories=&#8221;off&#8221; show_pagination=&#8221;off&#8221; _builder_version=&#8221;4.6.3&#8243; _module_preset=&#8221;default&#8221; header_text_color=&#8221;#1020f1&#8243; header_font_size=&#8221;17px&#8221; read_more_font=&#8221;|||on|||||&#8221; read_more_text_color=&#8221;#e02b20&#8243; text_orientation=&#8221;center&#8221; border_radii=&#8221;on|5px|5px|5px|5px&#8221; box_shadow_style=&#8221;preset1&#8243; box_shadow_vertical=&#8221;0px&#8221; custom_padding__hover_enabled=&#8221;off|desktop&#8221;][\/et_pb_blog][\/et_pb_column][\/et_pb_row][\/et_pb_section]<\/p>\n","protected":false},"excerpt":{"rendered":"<p>[et_pb_section fb_built=&#8221;1&#8243; fullwidth=&#8221;on&#8221; _builder_version=&#8221;4.6.3&#8243; _module_preset=&#8221;default&#8221; hover_enabled=&#8221;0&#8243; sticky_enabled=&#8221;0&#8243;][et_pb_fullwidth_slider _builder_version=&#8221;4.6.3&#8243; _module_preset=&#8221;default&#8221; height=&#8221;360px&#8221; hover_enabled=&#8221;0&#8243; sticky_enabled=&#8221;0&#8243;][et_pb_slide heading=&#8221;Urz\u0105dzenia diagnostyczne&#8221; button_text=&#8221;Zg\u0142oszenie serwisowe&#8221; use_text_overlay=&#8221;off&#8221; _builder_version=&#8221;4.6.3&#8243; _module_preset=&#8221;default&#8221; header_level=&#8221;h1&#8243; header_font=&#8221;||||||||&#8221; header_text_align=&#8221;left&#8221; header_text_color=&#8221;#0C71C3&#8243; header_font_size=&#8221;36px&#8221; background_enable_color=&#8221;off&#8221; background_image=&#8221;http:\/\/adc.ruzivo.cal24.pl\/wp-content\/uploads\/2021\/03\/slid.jpg&#8221; background_enable_image=&#8221;on&#8221; custom_button=&#8221;on&#8221; button_text_color=&#8221;#ffffff&#8221; button_bg_color=&#8221;#e02b20&#8243; button_border_color=&#8221;rgba(0,0,0,0)&#8221; button_border_radius=&#8221;5px&#8221; button_font=&#8221;|||on|||||&#8221; button_use_icon=&#8221;off&#8221; button_alignment=&#8221;left&#8221; custom_padding=&#8221;0px|0px|0px|0px|true|true&#8221; hover_enabled=&#8221;0&#8243; text_orientation_last_edited=&#8221;off|desktop&#8221; box_shadow_style_button=&#8221;preset1&#8243; sticky_transition=&#8221;on&#8221; title_text=&#8221;slid&#8221; sticky_enabled=&#8221;0&#8243;][\/et_pb_slide][\/et_pb_fullwidth_slider][\/et_pb_section][et_pb_section fb_built=&#8221;1&#8243; _builder_version=&#8221;4.6.3&#8243; _module_preset=&#8221;default&#8221; custom_padding=&#8221;||0px||false|false&#8221;][et_pb_row column_structure=&#8221;1_4,3_4&#8243; use_custom_gutter=&#8221;on&#8221; gutter_width=&#8221;1&#8243; _builder_version=&#8221;4.6.3&#8243; _module_preset=&#8221;default&#8221; min_height=&#8221;75px&#8221;][et_pb_column type=&#8221;1_4&#8243; _builder_version=&#8221;4.6.3&#8243; _module_preset=&#8221;default&#8221;][et_pb_text [&hellip;]<\/p>\n","protected":false},"author":1,"featured_media":0,"parent":0,"menu_order":0,"comment_status":"closed","ping_status":"closed","template":"","meta":{"_et_pb_use_builder":"on","_et_pb_old_content":"","_et_gb_content_width":"","footnotes":""},"_links":{"self":[{"href":"https:\/\/adc.ruzivo.cal24.pl\/index.php?rest_route=\/wp\/v2\/pages\/5"}],"collection":[{"href":"https:\/\/adc.ruzivo.cal24.pl\/index.php?rest_route=\/wp\/v2\/pages"}],"about":[{"href":"https:\/\/adc.ruzivo.cal24.pl\/index.php?rest_route=\/wp\/v2\/types\/page"}],"author":[{"embeddable":true,"href":"https:\/\/adc.ruzivo.cal24.pl\/index.php?rest_route=\/wp\/v2\/users\/1"}],"replies":[{"embeddable":true,"href":"https:\/\/adc.ruzivo.cal24.pl\/index.php?rest_route=%2Fwp%2Fv2%2Fcomments&post=5"}],"version-history":[{"count":90,"href":"https:\/\/adc.ruzivo.cal24.pl\/index.php?rest_route=\/wp\/v2\/pages\/5\/revisions"}],"predecessor-version":[{"id":689,"href":"https:\/\/adc.ruzivo.cal24.pl\/index.php?rest_route=\/wp\/v2\/pages\/5\/revisions\/689"}],"wp:attachment":[{"href":"https:\/\/adc.ruzivo.cal24.pl\/index.php?rest_route=%2Fwp%2Fv2%2Fmedia&parent=5"}],"curies":[{"name":"wp","href":"https:\/\/api.w.org\/{rel}","templated":true}]}}